omposite number?
False
Let q be -3 - (-18)/2 - -6. Suppose -q*j - 6865 = -29989. Is j prime?
False
Let p(n) be the second derivative of 7*n**5/4 - 7*n**4/12 + n**3/2 + 13*n**2/2 + 32*n - 2. Is p(4) a prime number?
True
Suppose 3 = 2*c - 15. Suppose c*u - 11*u - 92 = 0. Let z = u + 381. Is z prime?
False
Let n be 4132/(-2 + 4) + (4 - 5). Let c = n + -968. Is c prime?
True
Suppose -4*n + 3*a - 35292 = 0, -a - 3*a = 5*n + 44115. Let i = 15020 + n. Is i prime?
True
Suppose -106*v = -67*v - 1378299. Is v a composite number?
True
Let q(c) be the second derivative of -2369*c**3/6 - 159*c**2/2 + 6*c. Is q(-10) a composite number?
False
Is 318/1113*(-1194109)/(-2) composite?
True
Suppose 28*k - 75935 = 66249. Is k composite?
True
Let w = -22 - -30. Let k = -11 + w. Let q(g) = 61*g**2 - 4*g - 4. Is q(k) composite?
False
Let a(b) = 3*b - b**2 - 3*b - b + 0*b + 2*b**3. Let i be a(-1). Is (-1)/(3 - i*737/(-491)) prime?
True
Suppose -30*k + 172 = -308. Suppose k*l - 71940 = -17044. Is l prime?
False
Let g = 2330588 - 916011. Is g a composite number?
False
Suppose 58*x - 5529 = 64419. Suppose -5*m = 24*s - 20*s - 1487, -4*m = -5*s - x. Is m a prime number?
False
Let w be (12/(-120))/(1/(-70)). Let r(u) = 50*u - 20. Let i(d) = -33*d + 13. Let o(l) = -8*i(l) - 5*r(l). Is o(w) composite?
True
Let m(s) = s**3 - 20*s**2 + 9*s + 25. Is m(48) composite?
False
Suppose 10*j - 2*j - 2*j = 1557282. Is j prime?
True
Let k(m) = m**3 - 9*m**2 + 13*m + 9. Let l be k(7). Suppose -2*i - 16 = -2*c, 0 + 18 = l*c - 4*i. Suppose c*g - 1128 = -g. Is g prime?
False
Suppose -28127 - 215201 = -4*w. Suppose -7*p + 17491 = -w. Is p a composite number?
True
Suppose a - w = w + 59446, 0 = -3*w - 18. Is a a prime number?
False
Suppose 7757459 = 57*j - 336028. Is j prime?
True
Let w be 12*((-9)/(-4))/((-57)/(-38)). Let f be (-3 - (-78)/w) + 13522/6. Suppose -14*b = -19*b + f. Is b prime?
False
Suppose -2810 = -2*d + 3*j, 61*j + 2814 = 2*d + 59*j. Is d a prime number?
False
Is (-8)/(5 + -13)*(1 + -2 - -52502) composite?
False
Let y = 3109 - -3639. Let d = y + -3647. Is d composite?
True
Let x = 12994 - 5963. Is x a prime number?
False
Suppose 3*u = m - 135, -6*m - u - 540 = -10*m. Is (-183745)/m*-3 + (-2)/9 a composite number?
True
Suppose -t - 3*y + 2 = 7, 4*t = y + 45. Suppose -t = -5*k - 0. Let m(j) = 21*j**2 + 2*j + 1. Is m(k) a composite number?
False
Suppose 0 = -4*u - 107 + 707. Let j = 265 - u. Is j a composite number?
True
Let z(s) = -6122*s + 1015. Is z(-9) a prime number?
True
Suppose 176 = 4*f - 4*d, -2*f + d + 50 = -40. Is (-45 + f)*(1091 - 0) composite?
False
Let x = 20 - 15. Is 12764/6 + 9/27*x a composite number?
False
Let d = -51 + 60. Let c(a) = -a**3 + 9*a**2 + 3. Let g be c(d). Let s(k) = 104*k + 5. Is s(g) a prime number?
True
Let d be 2 + 2 + (-4 - 3). Let u be -2 + 12742/(-6)*9/d. Suppose 6*x + 1587 = u. Is x composite?
False
Is 12372*9 + (429/858)/((-2)/4) a prime number?
True
Let a(o) = -15*o - 134. Let q be a(-9). Is (0 + -678 + -5)/(-1*q) composite?
False
Is (-15 - (-16 + -734664))/(1 - 0) a composite number?
True
Suppose -n = -3*f + 177146, 81*n - 79*n - 118116 = -2*f. Is f a composite number?
False
Let t = 1061614 + -625553. Is t prime?
True
Suppose 3*m - 6*m - 1 = -g, -7 = 5*g - 3*m. Is g*((-27950)/4 + 2/(-1)) prime?
False
Let q(v) = 5300*v - 661. Is q(12) prime?
True
Suppose -14*v = -13*v + 41. Let q(n) = -n**3 - 39*n**2 - 101*n + 58. Is q(v) a composite number?
False
Suppose 108*y = -54*y - 109*y + 18263503. Is y prime?
False
Let t(d) = 2*d + 7. Let o(m) = -m**3 - 22*m**2 - 23*m - 46. Let q be o(-21). Let s be t(q). Is (-11)/(s - 0)*67 composite?
True
Let x = 168103 + -92780. Is x prime?
True
Let h = 128 - 128. Suppose h = -7*y + 5581 + 10218. Is y prime?
False
Let u = 80 - 78. Suppose u*h - q = q + 2330, 2*q = 5*h - 5831. Suppose -h = -5*y + 1738. Is y a composite number?
True
Is 277405/109 - (14 + 0) a composite number?
False
Let b(h) = 216*h + 5. Suppose -10*u + 70 + 10 = 0. Suppose -4*v + 6*v - u = 0. Is b(v) a composite number?
True
Suppose 5*o - 6*p = 7, 3*o + 3*p = o + 19. Suppose -27721 = -3*l - 4*i, o*l + 0*l - 2*i = 46193. Is l a prime number?
True
Suppose 5*i - 25 = 0, 0 = 2*o + 3*i - 5971141 + 1527080. Is o prime?
True
Suppose 5*v = -3*u + 6253, 0 = -0*v - v - 4. Let z = u - -636. Suppose -s = -2*n - 2*s + z, -4088 = -3*n - s. Is n composite?
False
Suppose 0 = i + 5*t - 45643, -14*t = -2*i - 12*t + 91238. Suppose 0*m = -5*m + 4*r + i, m - 4*r = 9115. Is m prime?
True
Let w = 48 + -46. Suppose -1 - 3 = -w*t. Suppose 4*n = t*l + l + 193, -n + 4*l = -58. Is n prime?
False
Let g(x) = -x**3 + 16*x**2 + 4*x - 9. Let j(b) = -2*b - 13. Let q be j(-9). Let i be 42/q + 4/(-10). Is g(i) composite?
True
Let f = 297107 + -210786. Is f composite?
True
Let p(g) = -g**3 + 15*g**2 + 3097. Let h(q) = q**2 + 6*q - 7. Let m be h(1). Is p(m) a prime number?
False
Suppose -7*h + 12*h = 15. Suppose 1297 = f + 2*r, -1621 - 3545 = -4*f + h*r. Is f prime?
False
Let v = 65782 - 41943. Is v a composite number?
True
Suppose 2*h = 3*l + 223997, 8*l = -2*h + 15*l + 224001. Is h composite?
False
Suppose -135785 = -16*t + 658055. Is t a prime number?
False
Let z(x) be the third derivative of x**6/120 + 2*x**5/15 - 7*x**4/24 + 17*x**3/6 - 13*x**2. Let q be z(-9). Is -871*(-2 - (q + 0 + 0)) a composite number?
True
Suppose 24*c + 23*c - 765772 = -149*c. Is c a composite number?
False
Let p = 58790 - -305757. Is p composite?
True
Let d(k) = 1861*k**2 - 1. Let q be d(1). Let t(g) = 35*g**2 + 48*g + 296. Let f be t(-9). Let n = f - q. Is n prime?
True
Suppose 12*r - 55364 = 50752. Is r a composite number?
True
Suppose 134*x = 89*x + 5648715. Is x a prime number?
True
Let u(k) = 4*k - 7. Let b be u(3). Let n(c) = -2*c**3 + 7*c**2 - 3*c + 5. Let o be n(b). Let j = 57 - o. Is j prime?
False
Suppose 0 = 11*w - 6*w + 5. Let b be 4 - (-3 + (-4)/w). Suppose -10826 + 749 = -b*l. Is l a prime number?
True
Suppose -4*c = -168 + 1556. Let s be -2*(-1 - -2) - (c - 18). Suppose 0 = r - s - 106. Is r a prime number?
False
Let c = -41 + 48. Suppose c*d + 885 = 11798. Is d prime?
True
Let r(q) = -5*q + 15 + 7*q + 1 - 3*q. Let l be r(9). Is ((-7385)/10)/l*-2 prime?
True
Let c(z) = 24*z**3 + z**2 - 11*z + 35. Suppose 14*p - 2*p = 48. Is c(p) composite?
False
Suppose -50*n - 3736811 - 3368458 = -101*n. Is n a prime number?
False
Let s = 16 + 128. Let x = 179 - s. Is x composite?
True
Suppose 2*c + 4 = -2. Let u be ((-17)/c)/(4403/(-735) + 6). Suppose 3*s = -4*x + 8815, -3*s + 1611 + u = x. Is x a composite number?
False
Let d = -11879 + 184110. Is d a composite number?
True
Suppose 4*s - 525902 = -3*p, -5*s - 2*p - 26106 = -683487. Is s composite?
False
Suppose -z + 37151 + 32687 + 59593 = 0. Is z a prime number?
False
Let x(d) = -1174*d - 1011. Let k(s) = 235*s + 202. Let n(c) = 11*k(c) + 2*x(c). Is n(9) composite?
False
Suppose 9*x + a - 36083 = 6*x, -4*x + 3*a = -48128. Let h = x - 8346. Is h a composite number?
True
Let h(i) = 6481*i + 1177. Is h(24) composite?
True
Suppose -5*f - 10 = 0, -t - 4*f + 3760 = -20222. Suppose 10012 = u - 3*s, -4*u - 5*s + t = -16109. Is u composite?
True
Let i = 446665 + -306964. Is i composite?
True
Suppose 116*r - 757163 - 298553 = 0. Is r prime?
False
Let t(q) = 3*q**2 + 38*q + 45. Let l be t(-10). Let y(i) = 46*i**2 + 2*i + 1. Let u be y(-4). Let z = l + u. Is z a composite number?
True
Let z = -3692 - -4448. Let v be (-1)/((2/(-662))/(-1)). Let p = z - v. Is p composite?
False
Suppose 645 = -5*i + 2*z, -4*i - 221 - 278 = -5*z. Let x = 90 + i. Let y = x + 267. Is y prime?
False
Let u(n) = -2*n**2 - 32*n + 36. Let z be u(-17). Let h(a) = 459*a**2 + 3*a + 1. Is h(z) a prime number?
False
Let p(y) be the third derivative of -y**6/120 - y**5/15 - y**4/3 - 7*y**3/3 - 586*y**2. Let o = -18 + 7. Is p(o) composite?
True
Let q be 8 + (-30)/6*1 + 3344. Let g be 4 + (-2 - (-3 - 2)). Suppose 0 = -g*i - 1030 + q. Is i a composite number?
False
Suppose 6*w + 10 = 8*w. Suppose -w*s = -27482 - 2603. Is s composite?
True
Suppose -27*h + 32*h + 5235 = 0. Let n = 2942 + h. Is n a prime number?
False
Let r = 121 + -124. Is -514*11*r/6 a prime number?
False
Let j = 3096 - -18083. Is j composite?
False
Suppose -57769794 = -135*z - 8885349. Is z prime?
True
Let l = 516 - 61. Suppose